f + 2*u + j. Let r = f - -3. What is the remainder when r is divided by 1?
0
Let i(m) = -5*m + 44. Calculate the remainder when i(-5) is divided by 7.
6
Suppose -15 = -3*l - 3*x, 5*l - 2*x - 34 = 2*x. Suppose 2*s = 47 - 5. Calculate the remainder when s is divided by l.
3
Suppose 3 = c + l, 5*l + 25 = -0*c + 3*c. Let p(k) = k**3 - 4*k**2 - 4*k - 1. Calculate the remainder when 9 is divided by p(c).
1
Let d = -6 + 0. Let l = d + 14. What is the remainder when ((-4)/(-2) + (-54)/(-4))*2 is divided by l?
7
Let c be ((-47)/(-4))/((-2)/(-8)). Let i = 95 - c. What is the remainder when i is divided by 17?
14
Let j be 2*1*(-15)/10. What is the remainder when 44 is divided by j/(11/(-5) + 2)?
14
Let w = 12 + -27. Calculate the remainder when (-141)/(-21) + (-2)/(-7) is divided by (-2)/(2 - w/(-6)).
3
Suppose 5*l - 121 = -b + 71, -5*b + 864 = l. Calculate the remainder when b is divided by 7.
4
Let d(j) = j**2 - 5*j - 7. Let g be d(5). Let n = g + 12. Let q = 2 + 2. Calculate the remainder when n is divided by q.
1
Let n(l) = -l**2 - 8*l - 4. What is the remainder when 20 is divided by n(-5)?
9
Let v(w) = 34*w + 2. Let c(z) = 34*z + 2. Let g(d) = -5*c(d) + 4*v(d). Let j be g(-4). Suppose -5*l + 21 + j = 0. What is the remainder when l is divided by 11?
9
Suppose 5*h + 1 - 102 = -4*x, -h = 2*x - 43. Let k(m) = m**2 - m + 7. Calculate the remainder when k(6) is divided by x.
18
Let t be 6 + 1 - 0/(-4). Let m(u) = -u**3 + 6*u**2 + 9*u + 4. What is the remainder when m(t) is divided by 10?
8
Let w = 32 - -8. Let k = 0 + 3. Suppose 5 = z - s + 4*s, -19 = -2*z - k*s. What is the remainder when w is divided by z?
12
Let k = 132 - 58. What is the remainder when k is divided by 19?
17
Suppose 0 = -p + 3*p - 8. Suppose 11 = p*s - 33. Let b(j) = -j**3 + 6*j**2 - 4*j + 4. Calculate the remainder when b(4) is divided by s.
9
Let t = -4 - -29. What is the remainder when 73 is divided by t?
23
Suppose -2*c = 2*d - 116, -5*d - 3*c = -116 - 178. Suppose 2*f = -3*g + 5 + d, 61 = 2*f - g. Calculate the remainder when f is divided by 17.
14
Suppose 0 = -5*n - 5*i + 25, -5*n = -2*i - 47 + 1. What is the remainder when 29 is divided by n?
5
Let t(j) = -j + 4. Let k be t(0). Suppose -304 = 4*q - k*g, 2*g = -5*q + 3*g - 364. Let n = -10 - q. Calculate the remainder when n is divided by 16.
14
Let s be 18/8 + (-2)/8. Let o(i) = i**2 + 5*i - 6. Let g be o(-6). Suppose -s*d + 24 - 4 = g. What is the remainder when d is divided by 4?
2
Suppose -3*x = 2*x - 10, -29 = -5*j - 2*x. Suppose d + j = 20. What is the remainder when d is divided by 9?
6
Let k = -41 + 74. What is the remainder when k is divided by 18?
15
Let k(j) = -j + 2. Let u be k(-3). Let c = u - -8. Calculate the remainder when 22 - -1 - (-4 + 2) is divided by c.
12
Let v(w) = 4*w - 1. Let t(z) = 0 + 2 - 6 - 5*z. What is the remainder when t(-7) is divided by v(3)?
9
Let x = 76 + -45. What is the remainder when x is divided by 17?
14
Suppose -2*p - 3*o + 128 = 0, -3*p + 6*p - 192 = -5*o. Calculate the remainder when p is divided by 22.
20
Let a = 65 + -36. What is the remainder when a is divided by 15?
14
Suppose 4*z - 44 = -16. Calculate the remainder when 13 + 0 - 0/(-2) is divided by z.
6
Suppose -40 = 5*g - 10. Let c = g + 6. Suppose c = 2*n + 24 - 92. What is the remainder when n is divided by 12?
10
Suppose 6*f = 3*f + 63. Suppose 42 = 5*g - 28. Calculate the remainder when f is divided by (-150)/(-14) + 4/g.
10
Let j(y) = -y**2 + y + 4. Let v be j(3). What is the remainder when (-513)/(-12) + v/(-8) is divided by 15?
13
Suppose -4*a + 26 = 2. Let y = -5 + 5. Suppose s + 5*d - 2 = y, -4*d + 103 - 30 = 5*s. What is the remainder when s is divided by a?
5
Suppose w - 5*w + 48 = 0. Suppose 0*n - n + 22 = 0. Calculate the remainder when n is divided by w.
10
Let d be (30/12)/(1/2). Let g(t) = 4*t - 4. Calculate the remainder when 31 is divided by g(d).
15
Suppose 5*y = -0*d + 5*d - 110, 4*d - 72 = -4*y. What is the remainder when 79 is divided by d?
19
Let c be (180/16)/(3/16). Let j = 89 - c. Let v = 28 - 13. What is the remainder when j is divided by v?
14
Let i(r) = -r**2 + 6*r + 3. Let c be i(3). Suppose s - c = -2*s. Suppose -3*a + s*a - 11 = 0. Calculate the remainder when a is divided by 6.
5
Suppose l + 22 = 4*z, 5*z - 4*z + l - 8 = 0. What is the remainder when (-2)/(z/25)*-6 is divided by 13?
11
Suppose -5*h + 7 = 4*v, -5*h + 15 = 4*v - 8*h. Let r(o) = -o**2 + 4*o - 3. What is the remainder when v is divided by r(2)?
0
Suppose 9 = 3*h - 42. What is the remainder when 67 is divided by h?
16
Suppose 69 = 5*f + 4*t, -2*t = -2*f + t + 23. Calculate the remainder when f is divided by (-4)/6*-3*14/4.
6
Let o = -35 - -60. What is the remainder when o is divided by 9?
7
Let i(c) = c**3 - c**2 + 3*c - 4. Calculate the remainder when i(4) is divided by 12.
8
Let f = -30 + 39. Calculate the remainder when 33 is divided by f.
6
Let k(o) = 11*o**2 + 2*o + 7. Let g be k(-3). Let h = g - 64. What is the remainder when h is divided by 13?
10
Calculate the remainder when (-3)/(3/(-75)*1) is divided by 21.
12
Let r(c) = c**2 + 5*c + 2. Let f be r(-7). Let s = f + 0. Suppose -l = -s + 4. Calculate the remainder when 35 is divided by l.
11
Let p(r) = -5*r**3 + r**2. Let m be (6/(-9))/(4/12). Let t be p(m). Suppose 4*b - 77 = w - 4*w, 2*w - b = t. What is the remainder when w is divided by 8?
7
Let n(c) = 10*c**2 - 3*c + 2. What is the remainder when 14 + (1 - -5)/3 is divided by n(1)?
7
Let f(c) = -19*c**2 - 8*c + 15. Let w(q) = 9*q**2 + 4*q - 7. Let z(m) = 6*f(m) + 13*w(m). What is the remainder when 39 is divided by z(-3)?
11
Let j = -116 + 283. What is the remainder when j is divided by 34?
31
Let v(a) = -a**3 + 14*a**2 + 36*a - 11. Suppose 3*b + 27 = 69. Calculate the remainder when v(16) is divided by b.
11
Suppose 0*a - 3*a = 1821. Calculate the remainder when 2/(-12) - a/6 is divided by 26.
23
Calculate the remainder when 10 is divided by -2 - -1*32/4.
4
Let f = -7 - -3. Let r be 3/2 + f/(-8). Suppose -z + 12 = r*z. Calculate the remainder when 11 is divided by z.
3
Suppose -2*q - y = -2*y - 98, 49 = q - 5*y. Calculate the remainder when q is divided by 19.
11
Suppose 2*p - 8 = 0, -5*x + 2*x - 4*p + 172 = 0. What is the remainder when x is divided by 14?
10
Suppose -4*r = -4*c + 51 + 21, -3*r = -4*c + 70. Let q = -40 + 102. What is the remainder when q is divided by c?
14
Suppose 3*j = -3*t - 0 + 3, 3*t - 10 = 4*j. Suppose -3*o + 31 = -5. What is the remainder when (o/20)/((-1)/(-5)) is divided by t?
1
What is the remainder when -2 + 3 + 13*4/2 is divided by 8?
3
Let j = -20 - -40. Calculate the remainder when 78 is divided by j.
18
Suppose -3*s = -9 - 0, -12 = -3*t + s. Let q = 4 + t. Let r(y) = 33*y**2. Calculate the remainder when r(1) is divided by q.
6
Let c(u) = 6*u**2 - 3*u - 2. Let s(t) = -t. Let i = 6 - 4. Let x be s(i). Calculate the remainder when c(x) is divided by 10.
8
Let n = 12 + -6. Suppose 60 = -2*r + n*r. Calculate the remainder when 28 is divided by r.
13
Let y(g) = 22*g. Let j be y(1). Suppose -4*t + j = 2. Suppose 4*q - 6 - 6 = 0. What is the remainder when t is divided by q?
2
Let d = 25 + -8. Calculate the remainder when d is divided by 14.
3
Let o = -118 - -81. Let n = 22 + o. Calculate the remainder when (-18)/15*n/6 is divided by 2.
1
Suppose 4*n + n = 190. Let q = n - 30. Suppose -4*g + 102 = 5*r, -r + 6*g = 4*g - 26. Calculate the remainder when r is divided by q.
6
Suppose -w = -3*v - 31, v + 225 = w + 4*w. What is the remainder when w is divided by (8 - 2) + 47 + -29?
22
Suppose -h - 17 = -2*h + 5*l, -4*h + 4 = -4*l. Let a be (1/h)/((-1)/42). Let n = 23 + a. Calculate the remainder when n is divided by 13.
11
Let h(o) = o**3 + 5*o**2 + 2*o - 3. Let l be h(-4). Suppose l*g = g + 36. Calculate the remainder when 17 is divided by g.
8
Let g(f) = f**2 + 6*f + 3. Let y be g(-5). Let b(q) = 26*q**2 - 2*q. Let z be b(y). Suppose 0*i = -4*i + z. Calculate the remainder when i is divided by 15.
12
Let l be 12/(-30) + (-8)/5. What is the remainder when (33/l - 0)*-2 is divided by 18?
15
Let k = -26 - -50. Let h = -7 + k. Calculate the remainder when 33 is divided by h.
16
Let j(m) = -m**2 + 16*m - 44. Calculate the remainder when 149 is divided by j(7).
16
Suppose -5*g = 3*d + 4, 2 = -g - 2*d 